 16
3989
What is 10110110000 (base 2) in base 7?
4150
Convert -12065 (base 8) to base 10.
-5173
8277 (base 11) to base 16
2ade
What is 1027 (base 11) in base 8?
2520
Convert -102014 (base 5) to base 2.
-110100111000
What is -12d3 (base 14) in base 5?
-101241
-53660 (base 7) to base 16
-343a
Convert -789 (base 13) to base 5.
-20141
Convert 3330301 (base 4) to base 2.
11111100110001
Convert -275 (base 14) to base 11.
-410
Convert 1207 (base 12) to base 11.
157a
1101000001 (base 2) to base 13
4c1
Convert a3 (base 16) to base 10.
163
355 (base 13) to base 6
2401
Convert -1102221 (base 3) to base 12.
-737
Convert -698 (base 10) to base 15.
-318
Convert -7352 (base 9) to base 8.
-12421
Convert 8480 (base 14) to base 8.
54500
What is 320111 (base 4) in base 11?
2788
5b60 (base 12) to base 4
2200320
Convert 13538 (base 9) to base 15.
2ac8
What is -888 (base 12) in base 7?
-3443
-3607 (base 10) to base 6
-24411
What is -60a (base 13) in base 16?
-400
Convert -212200 (base 3) to base 11.
-531
302242 (base 5) to base 13
454c
11010001011 (base 2) to base 8
3213
1001100000111 (base 2) to base 14
1abd
Convert 998 (base 13) to base 14.
858
1064 (base 8) to base 11
473
-30330 (base 6) to base 10
-4014
Convert 19b (base 16) to base 14.
215
Convert 10232 (base 5) to base 15.
312
What is 115 (base 8) in base 10?
77
-1143 (base 14) to base 13
-1499
What is -1093 (base 11) in base 15?
-658
Convert 121220012 (base 3) to base 14.
46bb
Convert 101111110 (base 2) to base 10.
382
Convert -13755 (base 8) to base 15.
-1c35
13203022 (base 4) to base 8
74312
Convert 7ac (base 16) to base 11.
1526
What is -8dd (base 15) in base 6?
-13144
Convert -10021 (base 5) to base 14.
-336
Convert 3143 (base 13) to base 11.
5136
What is -3410 (base 8) in base 14?
-928
What is -77 (base 14) in base 9?
-126
What is 5036 (base 9) in base 12?
2166
2262 (base 7) to base 2
1100111100
Convert -106614 (base 7) to base 5.
-1103140
-25264 (base 7) to base 11
-5006
What is -3231134 (base 5) in base 14?
-16169
What is -179 (base 13) in base 9?
-328
Convert 30113 (base 4) to base 13.
48b
What is -2ff3 (base 16) in base 2?
-10111111110011
What is 812 (base 12) in base 13?
6b9
-15235 (base 9) to base 8
-24240
Convert -74878 (base 9) to base 5.
-3041222
Convert 253155 (base 6) to base 4.
11203133
Convert -10101101101 (base 2) to base 8.
-2555
-10010110101 (base 2) to base 7
-3341
11255 (base 9) to base 3
101021212
What is 433 (base 7) in base 6?
1004
What is -110101111100110 (base 2) in base 7?
-143350
Convert 3441 (base 7) to base 15.
589
Convert -1100010001111 (base 2) to base 3.
-22121212
1e99 (base 15) to base 7
25305
Convert 10011011100001 (base 2) to base 6.
114025
-4 (base 16) to base 14
-4
Convert 1363 (base 13) to base 14.
102d
-100001111101110 (base 2) to base 11
-1207a
-100010101000010 (base 2) to base 16
-4542
Convert 789b (base 12) to base 11.
a052
Convert 19034 (base 13) to base 9.
73322
What is 25c6 (base 13) in base 7?
21514
10201 (base 6) to base 9
1781
Convert -12521 (base 6) to base 11.
-1497
235d (base 16) to base 11
6890
What is 3770 (base 10) in base 15?
11b5
Convert 216 (base 11) to base 7.
520
What is -2213 (base 16) in base 8?
-21023
-56fc (base 16) to base 13
-a19c
a172 (base 13) to base 12
10a48
1132 (base 8) to base 4
21122
Convert 4124 (base 6) to base 14.
496
What is f78 (base 16) in base 12?
2360
1020112 (base 3) to base 13
548
-2469 (base 10) to base 12
-1519
25042 (base 11) to base 4
20302033
Convert -51342 (base 6) to base 9.
-10328
Convert -722 (base 10) to base 6.
-3202
What is 1e0 (base 15) in base 7?
1161
Convert 4a1 (base 16) to base 6.
5253
Convert 21113 (base 4) to base 10.
599
What is -3261 (base 9) in base 11?
-1896
41503 (base 9) to base 6
330433
What is 2a60 (base 13) in base 5?
144122
10332 (base 7) to base 11
1a28
5ca5 (base 16) to base 4
11302211
Convert -9a6 (base 11) to base 5.
-14310
Convert -358b (base 13) to base 4.
-1311333
Convert 225 (base 7) to base 10.
117
Convert -11a (base 15) to base 11.
-208
-957 (base 10) to base 14
-4c5
18a4 (base 11) to base 12
1491
Convert -4134 (base 6) to base 9.
-1234
-5a1 (base 12) to base 16
-349
-10300 (base 4) to base 2
-100110000
10130 (base 8) to base 9
5658
What is -112 (base 15) in base 10?
-242
What is 101101001 (base 2) in base 4?
11221
Convert -1363b (base 13) to base 6.
-435400
3279 (base 11) to base 3
12221001
850 (base 10) to base 5
11400
Convert -254032 (base 6) to base 9.
-34382
Convert -1202 (base 7) to base 14.
-239
Convert 1810 (base 14) to base 4.
1003212
Convert -41 (base 8) to base 16.
-21
What is 62bf (base 16) in base 2?
110001010111111
What is -3122321 (base 4) in base 9?
-21185
Convert 16704 (base 10) to base 7.
66462
Convert -406221 (base 7) to base 9.
-115170
Convert -7677 (base 10) to base 15.
-241c
Convert -3175 (base 10) to base 2.
-110001100111
-2020201 (base 5) to base 6
-410411
What is -10410 (base 5) in base 13?
-442
-10501 (base 8) to base 12
-2681
-12b (base 13) to base 10
-206
What is -7463 (base 8) in base 11?
-2a18
115040 (base 6) to base 8
23700
What is 2593 (base 10) in base 3?
10120001
Convert 438 (base 15) to base 3.
1022022
20621 (base 7) to base 4
1033313
Convert -1655 (base 10) to base 11.
-1275
What is 2bf (base 16) in base 11?
58a
712 (base 9) to base 10
578
15e (base 16) to base 12
252
-bffa (base 16) to base 11
-33a19
5a292 (base 11) to base 7
511142
What is 1316 (base 8) in base 7?
2044
Convert -844 (base 9) to base 4.
-22300
What is 108 (base 10) in base 9?
130
What is -1b5 (base 14) in base 8?
-543
What is 22b1 (base 15) in base 16?
1cc6
25007 (base 8) to base 3
112202111
What is -720 (base 10) in base 7?
-2046
Convert 14ac (base 15) to base 5.
120222
Convert -394 (base 15) to base 14.
-422
What is 6147 (base 11) in base 5?
230113
What is 3334 (base 5) in base 6?
2101
-34055 (base 7) to base 15
-2845
What is 1133233 (base 4) in base 6?
44211
Convert 122002 (base 3) to base 7.
1226
4222 (base 5) to base 14
2c2
What is -4542 (base 6) in base 15?
-4b5
What is -309 (base 15) in base 7?
-1665
Convert -261a (base 12) to base 14.
-1822
Convert c72 (base 15) to base 6.
20555
What is 26d (base 15) in base 8?
1051
Convert -bdb (base 15) to base 16.
-a79
What is -156ab (base 13) in base 2?
-1001111011111101
-1101011111110 (base 2) to base 15
-20aa
-81b (base 13) to base 4
-111200
675 (base 11) to base 6
3424
Convert 621a (base 11) to base 6.
102105
What is 111010110110 (base 2) in base 10?
3766
Convert 2254 (base 8) to base 6.
5312
What is 195 (base 16) in base 11?
339
What is 2011211 (base 3) in base 4?
120310
What is 2743 (base 9) in base 2?
100000010000
What is 703 (base 9) in base 13?
34b
2501 (base 11) to base 16
cc4
-8b1 (base 16) to base 5
-32400
What is -58f (base 16) in base 7?
-4102
Convert -2332 (base 6) to base 4.
-20300
What is 39aa7 (base 11) in base 9?
86447
Convert a036 (base 11) to base 4.
3100211
What is 245304 (base 6) in base 14?
7dc4
What is 21524 (base 6) in base 8?
5674
What is 57725 (base 10) in base 15?
12185
Convert -1221 (base 7) to base 12.
-320
Convert -111101011000011 (base 2) to base 11.
-21680
567 (base 9) to base 13
29b
-130754 (base 9) to base 3
-11000211211
What is -93b0 (base 14) in base 5?
-1303223
2212123 (base 4) to base 12
61b7
What is 5160 (base 8) in base 15?
bd2
-3a0 (base 14) to base 4
-23120
Convert 373 (base 16) to base 9.
1181
Convert -39506 (base 10) to base 14.
-1057c
What is -122022000 (base 3) in base 9?
-18260
1c9 (base 13) to base 9
411
Convert 2772 (base 8) to base 16.
5fa
-20c8 (base 14) to base 9
-7683
444013 (base 5) to base 16
3c94
-70462 (base 8) to base 6
-342054
What is -3012020 (base 4) in base 16?
-3188
Convert -4050 (base 6) to base 9.
-1203
Convert 1021011100 (base 3) to base 10.
24903
Convert -166 (base 15) to base 13.
-1b9
-3a8 (base 12) to base 6
-2332
What is -1212101 (base 3) in base 13?
-808
What is 223401 (base 5) in base 11?
5aa1
122231 (base 5) to base 4
1021103
Convert -2de (base 16) to base 3.
-1000012
What is 141115 (base 6) in base 15?
3db8
-110000 (base 2) to base 13
-39
-58 (base 16) to base 8
-130
-4c3 (base 14) to base 7
-2533
What is -4132 (base 8) in base 11?
-1674
Convert 858 (base 10) to base 6.
3550
-230 (base 8) to base 10
-152
What is 3642 (base 12) in base 2?
1011111010010
Convert 